)?
12
Let u = 2/1315 - -1311/2630. Let a(m) be the first derivative of -u*m**2 - 11 - 8*m. Give a(0).
-8
Let k(r) = -r**3 + 12*r**2 - 28*r + 23. Let z(c) = -c**3 + 57*c**2 - 575*c + 141. Let n be z(44). What is k(n)?
14
Let f(a) = -a**3 + 2*a**2 - a - 6. Suppose 7*h + 18 = 9*h. Suppose 0 = 10*u - h*u + 14*u. Let r be f(u). Let s(y) = -y - 11. Give s(r).
-5
Let k(p) be the first derivative of 3*p**2 + 2*p - 39 + 2/3*p**3. What is k(-4)?
10
Suppose 69*z = 72*z - 9. Suppose z*u - v = -28, -17 = 4*u - 5*v + 24. Let x(b) = -b**3 - 9*b**2 + 5. Give x(u).
5
Let l(o) = -o**2 - 9*o - 12. Suppose -4*m - 11 = 5*c, 3*m = 3*c + c - 47. Determine l(m).
-12
Let s be 0*(-5)/(-20) - -2. Suppose 28 = -s*l - 2*c, c - 21 = 4*l + 25. Let x be (-4)/l + 2/(-6). Let w(d) = d**3 - d**2 + d - 5. Give w(x).
-5
Let d(g) = 3*g + 4. Suppose 3*o + 1240*f + 40 = 1239*f, 5*f + 79 = -4*o. Determine d(o).
-29
Let w be 14*(3 - 38/14). Let f(o) = 2*o + 1 - 805*o**2 - 1 + 804*o**2. What is f(w)?
-8
Let x(v) = 2*v + 5. Suppose 0 = 2*n + 5*f - 13, -2*n + 6*n = -2*f - 14. Let c = 1914 - 1910. Let d be (-3)/(((n/2)/1)/c). Determine x(d).
13
Let s(j) = 10*j**2 + 31*j - 1. Let h(i) = 19*i**2 + 51*i - 2. Let a(q) = -3*h(q) + 5*s(q). What is a(-2)?
-31
Let j be ((-10)/20)/(1/(-8)). Suppose -3 = 2*v + 5*a - j, 2 = -2*v - 4*a. Let f be (2 + v - 0) + 2. Let u(y) = y + 6. What is u(f)?
3
Let p(l) be the third derivative of l**5/60 - 3*l**4/8 + 5*l**3/6 + 3597*l**2. Calculate p(0).
5
Let l(u) be the second derivative of u**4/6 + 7*u**3/2 + 5*u**2/2 - 1584*u. Give l(-11).
16
Suppose -90 = -4*n + 6*v - v, -3*v = 4*n - 74. Let w(o) = 11*o**2 + 11 - 8*o - 5*o + 4 + o**3 - 1 - n. Determine w(-12).
6
Let r(k) = 9*k**2 - 78*k + 155. Let y(z) = -4*z**2 + 37*z - 78. Let f(l) = 2*r(l) + 5*y(l). Give f(11).
-3
Let i(n) = 2*n. Let s(o) = -o**3 + 11*o**2 - 11*o - 13. Let y(k) = 3*i(k) + s(k). What is y(11)?
-68
Let l be -1*(520/624 - 10/12). Let b(p) = -p**2 - 4*p - 30. Calculate b(l).
-30
Suppose -6*r = -4*r + 306. Let c = 158 + r. Let g(t) = t. Give g(c).
5
Let m(g) = g**2 + 3*g - 5. Suppose 381 = 166*s - 39*s. Give m(s).
13
Let i(m) = -769 + 383 + 377 + 2*m**2 - 11*m. Let v(b) = b**2 - 5*b - 4. Let f(d) = 2*i(d) - 5*v(d). Give f(-1).
-2
Suppose 6*j - 11*j + 2*q = -21, 5*j = 3*q + 24. Let r(h) = -2*h + 1. Let m(u) = -8*u - 13. Let z(k) = j*r(k) - m(k). Calculate z(-7).
2
Suppose -36 = 19*u - 23*u. Let k be (u/6)/((-1)/12*-2). Let s(c) = c**3 - 9*c**2 + 9. Determine s(k).
9
Let v be (13 - 3) + (-8)/8 - 11. Let i(g) = 3*g**2 - 3*g - 6. Determine i(v).
12
Let i(j) = -7*j - 319. Suppose -29*s - 41*s = -54*s + 736. Determine i(s).
3
Let i(f) = -f**2 + 19*f + 1. Let q(g) = -3*g**2 + 23*g - g**2 + 3*g**2. Let s(h) = -5*i(h) + 4*q(h). Let t = 5 + -1. Determine s(t).
-1
Let x be 1/((-115)/(-23)*1/55). Let h(b) = b**3 - 9*b**2 - 18*b - 26. Let r be h(x). Let m(q) = -q**3 + 19*q**2 - 19*q + 17. Calculate m(r).
-1
Let m be (0 + 5/3)*(-12 - -15). Let s(w) be the third derivative of -1/6*w**4 + 1/60*w**5 + 0*w + w**3 + 0 + w**2. What is s(m)?
11
Let f(v) = -2*v**3 + 216*v**2 + 397*v + 4747. Let x be f(110). Let t(c) = 2*c - 40 + 2*c - 2*c. Determine t(x).
-6
Let y(g) = -9*g**2 - 6*g**2 - 5*g**2 + 4*g - 20*g + 19*g**2 - 72. Determine y(-6).
-12
Let v(r) be the third derivative of 0*r + 1/6*r**3 - 1/6*r**4 - 3 + 7*r**2. What is v(-1)?
5
Let m(w) be the second derivative of w**5/20 + 11*w**4/12 - 3*w**3/2 + 37*w**2/2 + 1521*w. Give m(-12).
1
Let c(q) = q**3 + 25*q**2 - 24*q + 47. Let v = -43214 + 43188. What is c(v)?
-5
Let t be (-2)/(-10)*-1 - ((-1224)/170 + 8). Let m(h) = -37*h**3 - 3*h**2 + h + 3. Give m(t).
36
Let p(g) = 1. Let m(z) = 62*z - 7 - 123*z + 65*z. Let q(v) = -m(v) - 4*p(v). What is q(2)?
-5
Let z be -2*((-1)/(-1))/((-12)/18). Suppose 0 = -2*h + 2*l - z*l + 90, 3*l = -h + 35. Let u = 39 - h. Let f(t) = -t**3 - 9*t**2 - 8*t + 5. Give f(u).
5
Let y(q) = -q**3 - 27*q**2 + 29*q + 30. Let n be y(-28). Let h(b) be the second derivative of 3*b + n*b**2 + 0 - 2/3*b**3 - 1/12*b**4. Calculate h(-4).
4
Let x(d) = -22 + 7*d - 51 + 85 - 15 - d**2. Give x(6).
3
Let w(l) = -2*l + 4*l**2 + 4 - 3*l**2 - l + 0*l. Let f be ((-6)/14)/(13/(-91)). What is w(f)?
4
Let r(y) be the first derivative of y**3/3 + 3*y - 1. Let g be (-4)/18 + (-2064)/(-54). Suppose -44*u = -g*u. Determine r(u).
3
Let s(n) = 13 - 4*n**2 + 2*n**2 + 0*n**2 - 36*n - 36*n + 65*n. Give s(-8).
-59
Let p(w) = -w**3 + 7*w**2 - 4*w + 5. Suppose -4*c + 5*n = -45 - 79, 0 = 3*n. Let k = c + -24. Determine p(k).
-23
Let o = -117 - -175. Suppose 68*v = o*v + 50. Let w(u) = -5*u + 5. Calculate w(v).
-20
Let l(u) = 8*u + 3*u + 7*u + 8*u - 5 - 27*u. Suppose 5*y - 4*f + 1 = 21, 4*f = -4*y + 52. Let g be y/(-16)*(2 + -2). Give l(g).
-5
Let z(j) = -j**3 + 4*j**2 + j - 3. Suppose -5*g = 5*g - 50. Suppose -3*f - g*x = 12, 2*x + 6 = 3*f + x. Suppose 2*r = 2*b + f + 5, 0 = -b. Determine z(r).
9
Let y(i) = -4*i**2 + 49*i - 33. Let m(r) = r**2 - 21*r + 13. Let l(f) = 5*m(f) + 2*y(f). Calculate l(-6).
-67
Let x = 19 + -18. Let n(y) = 8*y**3 + 7*y**2 - 2*y - 5. Let j(b) = -15*b**3 - 12*b**2 + 4*b + 8. Let a(z) = -3*j(z) - 5*n(z). Determine a(x).
5
Let c(a) = a**2 + 32*a + 154. Let h be c(-26). Let o(z) = 5*z - 21. Give o(h).
-31
Let v(r) = 98*r - 1. Let h(f) = -45*f. Let j(k) = -13*h(k) - 6*v(k). Let z = -22 + 27. Determine j(z).
-9
Let y(z) be the first derivative of -z**3 + 15*z**2 - 29*z - 536. Determine y(9).
-2
Let o = -150 + 267. Let q(z) = 118 - z**3 + o - 237 - 3*z**2. Determine q(-4).
14
Let c(d) be the second derivative of -d**6/120 + d**5/30 - d**4/24 - d**3/3 - 87*d**2/2 - 2*d + 65. Let o(v) be the first derivative of c(v). Determine o(4).
-38
Let k be (-51)/8 - (-4 + (5 - 88/64)). Let a(p) = -2*p**2 - 10*p + 1. Give a(k).
-11
Let z(x) = 3*x**2 - 13*x - 7. Let w(f) = -467*f - 3730. Let g be w(-8). Give z(g).
23
Let t(u) = -u**3 - 13*u**2 - 12*u + 12. Let g = -2107 + 2095. Determine t(g).
12
Let r(t) be the third derivative of t**6/60 + 7*t**5/20 - 7*t**4/12 - 9*t**3/2 - 200*t**2. Calculate r(-11).
6
Let f be (-14)/(-4)*7/(49/244). Let o(a) = f*a - 2 - 243*a + 125*a. Determine o(6).
22
Let k be 19/(570/(-78)) + 2/(-5). Let n(c) = 2*c**3 + 2*c**2 - 2*c + 1. Determine n(k).
-29
Let w be (0 - (-25)/(-10))/((-40)/(-96)). Let k(h) = h**3 + 6*h**2 + 6*h + 33. Give k(w).
-3
Let k(m) = -5*m**3 - 4*m**2 - 2. Let f(x) = 662 + 4*x**2 - 333 + 6*x**3 + x - 329. Let c(s) = 4*f(s) + 5*k(s). Give c(-5).
-5
Let o(h) = -7*h**3 + 8*h**2 + 15*h - 3. Let q(g) = g**3 + g**2. Let f(w) = o(w) + 6*q(w). Suppose b = m - 16, -283450*m + 4*b = -283452*m + 26. What is f(m)?
-3
Let h(u) = -5*u**2 + u - u**3 + 6 - 1 + 0*u**2. Let q be 0*(-4 - (-27)/6). Suppose q = 3*s - 0*s + 12. Give h(s).
-15
Let y(s) = 4*s + 5. Let h = 183 + -55. Let u be (6 - 5)/1 - h/2. Let b = 67 + u. Determine y(b).
21
Let q(g) = g**2 - 18*g + 85. Let z(c) = 2*c**2 - 125*c - 316. Let o be z(65). Determine q(o).
4
Let d = -25/8 + 51/8. Let n(k) be the first derivative of -k**2 - k + d*k**4 + 7 - 2/3*k**3. Give n(-1).
-14
Let d = -67 + 67. Suppose d = -l - 1, -3*l - 39 + 4 = -4*b. Let g(s) = -s**3 + 8*s**2 - 2*s - 1. What is g(b)?
-17
Let a(t) = -4*t + 5 + 689710*t**2 - 11 - 4*t - 689711*t**2. Determine a(-5).
9
Let f(b) = 7*b + 50. Let n(w) = -3. Let q(v) = f(v) + 6*n(v). What is q(-13)?
-59
Let g(p) = p**3 + 6*p**2 - 4*p - 1. Let j be ((-1568)/64 - -28)*2/(0 - 1). Calculate g(j).
-22
Let l(y) be the third derivative of y**6/360 + y**5/15 - 5*y**4/24 + 85*y**3/6 + 86*y**2. Let i(x) be the first derivative of l(x). Give i(-7).
-12
Let u(l) = -138*l - 204. Let m(i) = 62*i + 103. Let k(h) = -9*m(h) - 4*u(h). What is k(-27)?
51
Let t(w) = 2*w + 3*w**2 + w - w. Suppose -4*k + 40 = -44*j + 45*j, -3*j = 2*k - 90. Let a be -4*(6/j + (-6)/(-21)). Determine t(a).
8
Let p = -87 - -101. Suppose -p*s = -16*s + 30. Suppose 20 = 4*g - 2*o, -5*g + 5*o + 5 = -s. Let f(q) = -q**2 + 5*q + 5. Give f(g).
-1
Suppose -2*w + 6 = -n, -65*n = -61*n + 5*w - 15. Let u(l) be the third derivative of n - 1/6*l**3 + 1/24*l**4 + 1/30*l**5 + 0*l - 11*l**2. Calculate u(3).
20
Let q(n) = 90 - 95*n - 83*n + 174*n + 31. What is q(23)?
29
Let u(p) = p**2 + 2*p + 7. Suppose -24*g - 106 = -34. Give u(g).
10
Let c(h) = 3*h + 17. Let d = -230 + 232. Suppose d*j - 5